{"id":6362,"date":"2024-01-27T15:10:28","date_gmt":"2024-01-27T15:10:28","guid":{"rendered":"https:\/\/flamen.cz\/?page_id=6362"},"modified":"2025-02-26T08:09:33","modified_gmt":"2025-02-26T08:09:33","slug":"krbove-kachle","status":"publish","type":"page","link":"https:\/\/flamen.cz\/sk\/krbove-kachle\/","title":{"rendered":"Krbov\u00e9 kachle"},"content":{"rendered":"<h2>Krby ROCAL<br \/>\nsa v\u00e1m prisp\u00f4sobia.<\/h2>\n<p>Nem\u00e1te ve\u013ea miesta? V\u010faka mnoh\u00fdm variant\u00e1m a ve\u013ekostiam dokonale zapadn\u00fa do ka\u017ed\u00e9ho priestoru.<\/p>\n<p>V ponuke <strong>krbov\u00fdch kachl\u00ed<\/strong> si m\u00f4\u017eete vybra\u0165 nielen z r\u00f4znych ve\u013ekost\u00ed a form\u00e1tov, ale aj typov presklenia a praktick\u00fdch doplnkov, v\u010faka ktor\u00fdm si m\u00f4\u017eete priestor okolo krbu prisp\u00f4sobi\u0165 presne pod\u013ea svojich predst\u00e1v.<\/p>\n","protected":false},"excerpt":{"rendered":"<p>Krby ROCAL sa v\u00e1m prisp\u00f4sobia. Nem\u00e1te ve\u013ea miesta? V\u010faka mnoh\u00fdm variant\u00e1m a ve\u013ekostiam dokonale zapadn\u00fa do ka\u017ed\u00e9ho priestoru. V ponuke krbov\u00fdch kachl\u00ed si m\u00f4\u017eete vybra\u0165 nielen z r\u00f4znych ve\u013ekost\u00ed a form\u00e1tov, ale aj typov presklenia a praktick\u00fdch doplnkov, v\u010faka ktor\u00fdm si m\u00f4\u017eete priestor okolo krbu prisp\u00f4sobi\u0165 presne pod\u013ea svojich predst\u00e1v.<\/p>\n","protected":false},"author":1,"featured_media":5025,"parent":0,"menu_order":28,"comment_status":"closed","ping_status":"closed","template":"templates\/template-produkty.php","meta":{"_acf_changed":false,"footnotes":""},"class_list":["post-6362","page","type-page","status-publish","has-post-thumbnail","hentry"],"acf":[],"yoast_head":"<!-- This site is optimized with the Yoast SEO plugin v27.5 - https:\/\/yoast.com\/product\/yoast-seo-wordpress\/ -->\n<title>Krbov\u00e9 kachle | Flamen Czech Republic, s.r.o.<\/title>\n<meta name=\"robots\" content=\"index, follow, max-snippet:-1, max-image-preview:large, max-video-preview:-1\" \/>\n<link rel=\"canonical\" href=\"https:\/\/flamen.cz\/sk\/krbove-kachle\/\" \/>\n<meta property=\"og:locale\" content=\"sk_SK\" \/>\n<meta property=\"og:type\" content=\"article\" \/>\n<meta property=\"og:title\" content=\"Krbov\u00e9 kachle | Flamen Czech Republic, s.r.o.\" \/>\n<meta property=\"og:description\" content=\"Krby ROCAL sa v\u00e1m prisp\u00f4sobia. Nem\u00e1te ve\u013ea miesta? V\u010faka mnoh\u00fdm variant\u00e1m a ve\u013ekostiam dokonale zapadn\u00fa do ka\u017ed\u00e9ho priestoru. V ponuke krbov\u00fdch kachl\u00ed si m\u00f4\u017eete vybra\u0165 nielen z r\u00f4znych ve\u013ekost\u00ed a form\u00e1tov, ale aj typov presklenia a praktick\u00fdch doplnkov, v\u010faka ktor\u00fdm si m\u00f4\u017eete priestor okolo krbu prisp\u00f4sobi\u0165 presne pod\u013ea svojich predst\u00e1v.\" \/>\n<meta property=\"og:url\" content=\"https:\/\/flamen.cz\/sk\/krbove-kachle\/\" \/>\n<meta property=\"og:site_name\" content=\"Flamen Czech Republic, s.r.o.\" \/>\n<meta property=\"article:publisher\" content=\"https:\/\/www.facebook.com\/krbyakamnarocal\" \/>\n<meta property=\"article:modified_time\" content=\"2025-02-26T08:09:33+00:00\" \/>\n<meta property=\"og:image\" content=\"https:\/\/flamen.cz\/wp-content\/uploads\/2024\/02\/Krbova-kamna_habit80dc-ambient.jpg\" \/>\n\t<meta property=\"og:image:width\" content=\"1580\" \/>\n\t<meta property=\"og:image:height\" content=\"1040\" \/>\n\t<meta property=\"og:image:type\" content=\"image\/jpeg\" \/>\n<meta name=\"twitter:card\" content=\"summary_large_image\" \/>\n<meta name=\"twitter:label1\" content=\"Predpokladan\u00fd \u010das \u010d\u00edtania\" \/>\n\t<meta name=\"twitter:data1\" content=\"1 min\u00fata\" \/>\n<script type=\"application\/ld+json\" class=\"yoast-schema-graph\">{\"@context\":\"https:\\\/\\\/schema.org\",\"@graph\":[{\"@type\":\"WebPage\",\"@id\":\"https:\\\/\\\/flamen.cz\\\/sk\\\/krbove-kachle\\\/\",\"url\":\"https:\\\/\\\/flamen.cz\\\/sk\\\/krbove-kachle\\\/\",\"name\":\"Krbov\u00e9 kachle | Flamen Czech Republic, s.r.o.\",\"isPartOf\":{\"@id\":\"https:\\\/\\\/flamen.cz\\\/#website\"},\"primaryImageOfPage\":{\"@id\":\"https:\\\/\\\/flamen.cz\\\/sk\\\/krbove-kachle\\\/#primaryimage\"},\"image\":{\"@id\":\"https:\\\/\\\/flamen.cz\\\/sk\\\/krbove-kachle\\\/#primaryimage\"},\"thumbnailUrl\":\"https:\\\/\\\/flamen.cz\\\/wp-content\\\/uploads\\\/2024\\\/02\\\/Krbova-kamna_habit80dc-ambient-e1746972057220.jpg\",\"datePublished\":\"2024-01-27T15:10:28+00:00\",\"dateModified\":\"2025-02-26T08:09:33+00:00\",\"breadcrumb\":{\"@id\":\"https:\\\/\\\/flamen.cz\\\/sk\\\/krbove-kachle\\\/#breadcrumb\"},\"inLanguage\":\"sk-SK\",\"potentialAction\":[{\"@type\":\"ReadAction\",\"target\":[\"https:\\\/\\\/flamen.cz\\\/sk\\\/krbove-kachle\\\/\"]}]},{\"@type\":\"ImageObject\",\"inLanguage\":\"sk-SK\",\"@id\":\"https:\\\/\\\/flamen.cz\\\/sk\\\/krbove-kachle\\\/#primaryimage\",\"url\":\"https:\\\/\\\/flamen.cz\\\/wp-content\\\/uploads\\\/2024\\\/02\\\/Krbova-kamna_habit80dc-ambient-e1746972057220.jpg\",\"contentUrl\":\"https:\\\/\\\/flamen.cz\\\/wp-content\\\/uploads\\\/2024\\\/02\\\/Krbova-kamna_habit80dc-ambient-e1746972057220.jpg\",\"width\":1580,\"height\":1040},{\"@type\":\"BreadcrumbList\",\"@id\":\"https:\\\/\\\/flamen.cz\\\/sk\\\/krbove-kachle\\\/#breadcrumb\",\"itemListElement\":[{\"@type\":\"ListItem\",\"position\":1,\"name\":\"Dom\u016f\",\"item\":\"https:\\\/\\\/flamen.cz\\\/sk\\\/\"},{\"@type\":\"ListItem\",\"position\":2,\"name\":\"Krbov\u00e9 kachle\"}]},{\"@type\":\"WebSite\",\"@id\":\"https:\\\/\\\/flamen.cz\\\/#website\",\"url\":\"https:\\\/\\\/flamen.cz\\\/\",\"name\":\"Flamen Czech Republic, s.r.o.\",\"description\":\"FLAMEN dov\u00e1\u017e\u00ed a instaluje krby a kamna na d\u0159evo, pelety, plyn \u010di biol\u00edh, a stav\u00ed kom\u00edny.\",\"potentialAction\":[{\"@type\":\"SearchAction\",\"target\":{\"@type\":\"EntryPoint\",\"urlTemplate\":\"https:\\\/\\\/flamen.cz\\\/?s={search_term_string}\"},\"query-input\":{\"@type\":\"PropertyValueSpecification\",\"valueRequired\":true,\"valueName\":\"search_term_string\"}}],\"inLanguage\":\"sk-SK\"}]}<\/script>\n<!-- \/ Yoast SEO plugin. -->","yoast_head_json":{"title":"Krbov\u00e9 kachle | Flamen Czech Republic, s.r.o.","robots":{"index":"index","follow":"follow","max-snippet":"max-snippet:-1","max-image-preview":"max-image-preview:large","max-video-preview":"max-video-preview:-1"},"canonical":"https:\/\/flamen.cz\/sk\/krbove-kachle\/","og_locale":"sk_SK","og_type":"article","og_title":"Krbov\u00e9 kachle | Flamen Czech Republic, s.r.o.","og_description":"Krby ROCAL sa v\u00e1m prisp\u00f4sobia. Nem\u00e1te ve\u013ea miesta? V\u010faka mnoh\u00fdm variant\u00e1m a ve\u013ekostiam dokonale zapadn\u00fa do ka\u017ed\u00e9ho priestoru. V ponuke krbov\u00fdch kachl\u00ed si m\u00f4\u017eete vybra\u0165 nielen z r\u00f4znych ve\u013ekost\u00ed a form\u00e1tov, ale aj typov presklenia a praktick\u00fdch doplnkov, v\u010faka ktor\u00fdm si m\u00f4\u017eete priestor okolo krbu prisp\u00f4sobi\u0165 presne pod\u013ea svojich predst\u00e1v.","og_url":"https:\/\/flamen.cz\/sk\/krbove-kachle\/","og_site_name":"Flamen Czech Republic, s.r.o.","article_publisher":"https:\/\/www.facebook.com\/krbyakamnarocal","article_modified_time":"2025-02-26T08:09:33+00:00","og_image":[{"width":1580,"height":1040,"url":"https:\/\/flamen.cz\/wp-content\/uploads\/2024\/02\/Krbova-kamna_habit80dc-ambient.jpg","type":"image\/jpeg"}],"twitter_card":"summary_large_image","twitter_misc":{"Predpokladan\u00fd \u010das \u010d\u00edtania":"1 min\u00fata"},"schema":{"@context":"https:\/\/schema.org","@graph":[{"@type":"WebPage","@id":"https:\/\/flamen.cz\/sk\/krbove-kachle\/","url":"https:\/\/flamen.cz\/sk\/krbove-kachle\/","name":"Krbov\u00e9 kachle | Flamen Czech Republic, s.r.o.","isPartOf":{"@id":"https:\/\/flamen.cz\/#website"},"primaryImageOfPage":{"@id":"https:\/\/flamen.cz\/sk\/krbove-kachle\/#primaryimage"},"image":{"@id":"https:\/\/flamen.cz\/sk\/krbove-kachle\/#primaryimage"},"thumbnailUrl":"https:\/\/flamen.cz\/wp-content\/uploads\/2024\/02\/Krbova-kamna_habit80dc-ambient-e1746972057220.jpg","datePublished":"2024-01-27T15:10:28+00:00","dateModified":"2025-02-26T08:09:33+00:00","breadcrumb":{"@id":"https:\/\/flamen.cz\/sk\/krbove-kachle\/#breadcrumb"},"inLanguage":"sk-SK","potentialAction":[{"@type":"ReadAction","target":["https:\/\/flamen.cz\/sk\/krbove-kachle\/"]}]},{"@type":"ImageObject","inLanguage":"sk-SK","@id":"https:\/\/flamen.cz\/sk\/krbove-kachle\/#primaryimage","url":"https:\/\/flamen.cz\/wp-content\/uploads\/2024\/02\/Krbova-kamna_habit80dc-ambient-e1746972057220.jpg","contentUrl":"https:\/\/flamen.cz\/wp-content\/uploads\/2024\/02\/Krbova-kamna_habit80dc-ambient-e1746972057220.jpg","width":1580,"height":1040},{"@type":"BreadcrumbList","@id":"https:\/\/flamen.cz\/sk\/krbove-kachle\/#breadcrumb","itemListElement":[{"@type":"ListItem","position":1,"name":"Dom\u016f","item":"https:\/\/flamen.cz\/sk\/"},{"@type":"ListItem","position":2,"name":"Krbov\u00e9 kachle"}]},{"@type":"WebSite","@id":"https:\/\/flamen.cz\/#website","url":"https:\/\/flamen.cz\/","name":"Flamen Czech Republic, s.r.o.","description":"FLAMEN dov\u00e1\u017e\u00ed a instaluje krby a kamna na d\u0159evo, pelety, plyn \u010di biol\u00edh, a stav\u00ed kom\u00edny.","potentialAction":[{"@type":"SearchAction","target":{"@type":"EntryPoint","urlTemplate":"https:\/\/flamen.cz\/?s={search_term_string}"},"query-input":{"@type":"PropertyValueSpecification","valueRequired":true,"valueName":"search_term_string"}}],"inLanguage":"sk-SK"}]}},"_links":{"self":[{"href":"https:\/\/flamen.cz\/sk\/wp-json\/wp\/v2\/pages\/6362","targetHints":{"allow":["GET"]}}],"collection":[{"href":"https:\/\/flamen.cz\/sk\/wp-json\/wp\/v2\/pages"}],"about":[{"href":"https:\/\/flamen.cz\/sk\/wp-json\/wp\/v2\/types\/page"}],"author":[{"embeddable":true,"href":"https:\/\/flamen.cz\/sk\/wp-json\/wp\/v2\/users\/1"}],"replies":[{"embeddable":true,"href":"https:\/\/flamen.cz\/sk\/wp-json\/wp\/v2\/comments?post=6362"}],"version-history":[{"count":5,"href":"https:\/\/flamen.cz\/sk\/wp-json\/wp\/v2\/pages\/6362\/revisions"}],"predecessor-version":[{"id":7381,"href":"https:\/\/flamen.cz\/sk\/wp-json\/wp\/v2\/pages\/6362\/revisions\/7381"}],"wp:featuredmedia":[{"embeddable":true,"href":"https:\/\/flamen.cz\/sk\/wp-json\/wp\/v2\/media\/5025"}],"wp:attachment":[{"href":"https:\/\/flamen.cz\/sk\/wp-json\/wp\/v2\/media?parent=6362"}],"curies":[{"name":"wp","href":"https:\/\/api.w.org\/{rel}","templated":true}]}}

Krbové kachle

<h2>Krby ROCAL<br />
sa vám prispôsobia.</h2>
<p>Nemáte veľa miesta? Vďaka mnohým variantám a veľkostiam dokonale zapadnú do každého priestoru.</p>
<p>V ponuke <strong>krbových kachlí</strong> si môžete vybrať nielen z rôznych veľkostí a formátov, ale aj typov presklenia a praktických doplnkov, vďaka ktorým si môžete priestor okolo krbu prispôsobiť presne podľa svojich predstáv.</p>

<p>Krby ROCAL sa vám prispôsobia. Nemáte veľa miesta? Vďaka mnohým variantám a veľkostiam dokonale zapadnú do každého priestoru. V ponuke krbových kachlí si môžete vybrať nielen z rôznych veľkostí a formátov, ale aj typov presklenia a praktických doplnkov, vďaka ktorým si môžete priestor okolo krbu prispôsobiť presne podľa svojich predstáv.</p>

<!-- This site is optimized with the Yoast SEO plugin v27.5 - https://yoast.com/product/yoast-seo-wordpress/ -->
<title>Krbové kachle | Flamen Czech Republic, s.r.o.</title>
<meta name="robots" content="index, follow, max-snippet:-1, max-image-preview:large, max-video-preview:-1" />
<link rel="canonical" href="https://flamen.cz/sk/krbove-kachle/" />
<meta property="og:locale" content="sk_SK" />
<meta property="og:type" content="article" />
<meta property="og:title" content="Krbové kachle | Flamen Czech Republic, s.r.o." />
<meta property="og:description" content="Krby ROCAL sa vám prispôsobia. Nemáte veľa miesta? Vďaka mnohým variantám a veľkostiam dokonale zapadnú do každého priestoru. V ponuke krbových kachlí si môžete vybrať nielen z rôznych veľkostí a formátov, ale aj typov presklenia a praktických doplnkov, vďaka ktorým si môžete priestor okolo krbu prispôsobiť presne podľa svojich predstáv." />
<meta property="og:url" content="https://flamen.cz/sk/krbove-kachle/" />
<meta property="og:site_name" content="Flamen Czech Republic, s.r.o." />
<meta property="article:publisher" content="https://www.facebook.com/krbyakamnarocal" />
<meta property="article:modified_time" content="2025-02-26T08:09:33+00:00" />
<meta property="og:image" content="https://flamen.cz/wp-content/uploads/2024/02/Krbova-kamna_habit80dc-ambient.jpg" />
	<meta property="og:image:width" content="1580" />
	<meta property="og:image:height" content="1040" />
	<meta property="og:image:type" content="image/jpeg" />
<meta name="twitter:card" content="summary_large_image" />
<meta name="twitter:label1" content="Predpokladaný čas čítania" />
	<meta name="twitter:data1" content="1 minúta" />
<script type="application/ld+json" class="yoast-schema-graph">{"@context":"https:\/\/schema.org","@graph":[{"@type":"WebPage","@id":"https:\/\/flamen.cz\/sk\/krbove-kachle\/","url":"https:\/\/flamen.cz\/sk\/krbove-kachle\/","name":"Krbové kachle | Flamen Czech Republic, s.r.o.","isPartOf":{"@id":"https:\/\/flamen.cz\/#website"},"primaryImageOfPage":{"@id":"https:\/\/flamen.cz\/sk\/krbove-kachle\/#primaryimage"},"image":{"@id":"https:\/\/flamen.cz\/sk\/krbove-kachle\/#primaryimage"},"thumbnailUrl":"https:\/\/flamen.cz\/wp-content\/uploads\/2024\/02\/Krbova-kamna_habit80dc-ambient-e1746972057220.jpg","datePublished":"2024-01-27T15:10:28+00:00","dateModified":"2025-02-26T08:09:33+00:00","breadcrumb":{"@id":"https:\/\/flamen.cz\/sk\/krbove-kachle\/#breadcrumb"},"inLanguage":"sk-SK","potentialAction":[{"@type":"ReadAction","target":["https:\/\/flamen.cz\/sk\/krbove-kachle\/"]}]},{"@type":"ImageObject","inLanguage":"sk-SK","@id":"https:\/\/flamen.cz\/sk\/krbove-kachle\/#primaryimage","url":"https:\/\/flamen.cz\/wp-content\/uploads\/2024\/02\/Krbova-kamna_habit80dc-ambient-e1746972057220.jpg","contentUrl":"https:\/\/flamen.cz\/wp-content\/uploads\/2024\/02\/Krbova-kamna_habit80dc-ambient-e1746972057220.jpg","width":1580,"height":1040},{"@type":"BreadcrumbList","@id":"https:\/\/flamen.cz\/sk\/krbove-kachle\/#breadcrumb","itemListElement":[{"@type":"ListItem","position":1,"name":"Domů","item":"https:\/\/flamen.cz\/sk\/"},{"@type":"ListItem","position":2,"name":"Krbové kachle"}]},{"@type":"WebSite","@id":"https:\/\/flamen.cz\/#website","url":"https:\/\/flamen.cz\/","name":"Flamen Czech Republic, s.r.o.","description":"FLAMEN dováží a instaluje krby a kamna na dřevo, pelety, plyn či biolíh, a staví komíny.","potentialAction":[{"@type":"SearchAction","target":{"@type":"EntryPoint","urlTemplate":"https:\/\/flamen.cz\/?s={search_term_string}"},"query-input":{"@type":"PropertyValueSpecification","valueRequired":true,"valueName":"search_term_string"}}],"inLanguage":"sk-SK"}]}</script>
<!-- / Yoast SEO plugin. -->

Krbové kachle | Flamen Czech Republic, s.r.o.

Krby ROCAL sa vám prispôsobia. Nemáte veľa miesta? Vďaka mnohým variantám a veľkostiam dokonale zapadnú do každého priestoru. V ponuke krbových kachlí si môžete vybrať nielen z rôznych veľkostí a formátov, ale aj typov presklenia a praktických doplnkov, vďaka ktorým si môžete priestor okolo krbu prispôsobiť presne podľa svojich predstáv.

1 minúta

Domů

FLAMEN dováží a instaluje krby a kamna na dřevo, pelety, plyn či biolíh, a staví komíny.
