{"id":6353,"date":"2024-01-27T15:09:25","date_gmt":"2024-01-27T15:09:25","guid":{"rendered":"https:\/\/flamen.cz\/?page_id=6353"},"modified":"2024-12-19T14:22:02","modified_gmt":"2024-12-19T14:22:02","slug":"dizajnove-krby","status":"publish","type":"page","link":"https:\/\/flamen.cz\/sk\/dizajnove-krby\/","title":{"rendered":"Dizajnov\u00e9 krby"},"content":{"rendered":"<p>\u010ci u\u017e h\u013ead\u00e1te vhodn\u00fd krb do novostavby, n\u00edzkoenergetick\u00e9ho domu alebo star\u0161ieho obydlia, pre efekt\u00edvne dizajnov\u00e9 krby Rocal nemus\u00edte chodi\u0165 \u010faleko! Najob\u013e\u00fabenej\u0161ie k\u00fasky m\u00e1me <strong>skladom<\/strong>.<\/p>\n<p>Sme hrd\u00fdm v\u00fdhradn\u00fdm dovozcom tejto zna\u010dky v \u010ceskej republike aj na Slovensku, a tak od n\u00e1s m\u00f4\u017eete o\u010dak\u00e1va\u0165 tzv. full-service. Pom\u00f4\u017eeme v\u00e1m nielen s v\u00fdberom, ale aj s predstavebn\u00fdmi z\u00e1le\u017eitos\u0165ami, zameran\u00edm, dopravou a in\u0161tal\u00e1ciou.<\/p>\n<p>Som krb Rocal  <span class=\"red\">\/<\/span>  Som technologicky dokonal\u00fd<br \/>\nSom bezpe\u010dn\u00fd a v\u00fdkonn\u00fd  <span class=\"red\">\/<\/span>  Som elegantn\u00fd a \u0161t\u00fdlov\u00fd<\/p>\n<p><strong>Rocal nasadzuje latku ve\u013emi vysoko!<\/strong><\/p>\n<p>Prec\u00edzne spracovanie v\u00e1s u\u017e na prv\u00fd poh\u013ead oh\u00fari rovnako ako jedine\u010dn\u00fd minimalistick\u00fd dizajn, ktor\u00fd sa hod\u00ed kamko\u013evek, a predsa je tak osobit\u00fd. Ur\u010dite v\u00e1s pote\u0161\u00ed aj fakt, \u017ee na\u0161e krby s\u00fa \u00fa\u010dinn\u00e9, produkuj\u00fa minim\u00e1lne mno\u017estvo emisi\u00ed a radia sa k t\u00fdm ve\u013emi ekologick\u00fdm na prev\u00e1dzku. Rocal m\u00e1 \u0161tyridsa\u0165ro\u010dn\u00fa trad\u00edciu a na v\u00fdrobu svojich produktov vol\u00ed materi\u00e1ly najvy\u0161\u0161ej kvality. O\u010dak\u00e1vajte esteticky a technologicky dokonal\u00e9 krby s ru\u010dne vykonan\u00fdm fini\u0161om pre bezchybn\u00fd vzh\u013ead. Starostlivos\u0165 sa vypl\u00e1ca. A v\u00e1\u0161 komfort je pre n\u00e1s to najd\u00f4le\u017eitej\u0161ie!<\/p>\n<p>Nechajte svoj v\u00fdnimo\u010dn\u00fd charakter prehovori\u0165 prostredn\u00edctvom dizajnov\u00e9ho krbu. Rocal to povie za v\u00e1s!<\/p>\n","protected":false},"excerpt":{"rendered":"<h3>Rocal je modern\u00e1 \u010dere\u0161ni\u010dka na torte vo va\u0161om interi\u00e9ri.<\/h3>\n","protected":false},"author":1,"featured_media":13066,"parent":0,"menu_order":18,"comment_status":"closed","ping_status":"closed","template":"templates\/template-produkty.php","meta":{"_acf_changed":false,"footnotes":""},"class_list":["post-6353","page","type-page","status-publish","has-post-thumbnail","hentry"],"acf":[],"yoast_head":"<!-- This site is optimized with the Yoast SEO plugin v27.5 - https:\/\/yoast.com\/product\/yoast-seo-wordpress\/ -->\n<title>Dizajnov\u00e9 krby | Flamen Czech Republic, s.r.o.<\/title>\n<meta name=\"robots\" content=\"index, follow, max-snippet:-1, max-image-preview:large, max-video-preview:-1\" \/>\n<link rel=\"canonical\" href=\"https:\/\/flamen.cz\/sk\/dizajnove-krby\/\" \/>\n<meta property=\"og:locale\" content=\"sk_SK\" \/>\n<meta property=\"og:type\" content=\"article\" \/>\n<meta property=\"og:title\" content=\"Dizajnov\u00e9 krby | Flamen Czech Republic, s.r.o.\" \/>\n<meta property=\"og:description\" content=\"Rocal je modern\u00e1 \u010dere\u0161ni\u010dka na torte vo va\u0161om interi\u00e9ri.\" \/>\n<meta property=\"og:url\" content=\"https:\/\/flamen.cz\/sk\/dizajnove-krby\/\" \/>\n<meta property=\"og:site_name\" content=\"Flamen Czech Republic, s.r.o.\" \/>\n<meta property=\"article:publisher\" content=\"https:\/\/www.facebook.com\/krbyakamnarocal\" \/>\n<meta property=\"article:modified_time\" content=\"2024-12-19T14:22:02+00:00\" \/>\n<meta property=\"og:image\" content=\"https:\/\/flamen.cz\/wp-content\/uploads\/2024\/02\/img_product-01.jpg\" \/>\n\t<meta property=\"og:image:width\" content=\"330\" \/>\n\t<meta property=\"og:image:height\" content=\"450\" \/>\n\t<meta property=\"og:image:type\" content=\"image\/jpeg\" \/>\n<meta name=\"twitter:card\" content=\"summary_large_image\" \/>\n<meta name=\"twitter:label1\" content=\"Predpokladan\u00fd \u010das \u010d\u00edtania\" \/>\n\t<meta name=\"twitter:data1\" content=\"2 min\u00faty\" \/>\n<script type=\"application\/ld+json\" class=\"yoast-schema-graph\">{\"@context\":\"https:\\\/\\\/schema.org\",\"@graph\":[{\"@type\":\"WebPage\",\"@id\":\"https:\\\/\\\/flamen.cz\\\/sk\\\/dizajnove-krby\\\/\",\"url\":\"https:\\\/\\\/flamen.cz\\\/sk\\\/dizajnove-krby\\\/\",\"name\":\"Dizajnov\u00e9 krby | Flamen Czech Republic, s.r.o.\",\"isPartOf\":{\"@id\":\"https:\\\/\\\/flamen.cz\\\/#website\"},\"primaryImageOfPage\":{\"@id\":\"https:\\\/\\\/flamen.cz\\\/sk\\\/dizajnove-krby\\\/#primaryimage\"},\"image\":{\"@id\":\"https:\\\/\\\/flamen.cz\\\/sk\\\/dizajnove-krby\\\/#primaryimage\"},\"thumbnailUrl\":\"https:\\\/\\\/flamen.cz\\\/wp-content\\\/uploads\\\/2025\\\/12\\\/designovy-krb-v-modernim-interieru-rocal-drop-e1766154030106.webp\",\"datePublished\":\"2024-01-27T15:09:25+00:00\",\"dateModified\":\"2024-12-19T14:22:02+00:00\",\"breadcrumb\":{\"@id\":\"https:\\\/\\\/flamen.cz\\\/sk\\\/dizajnove-krby\\\/#breadcrumb\"},\"inLanguage\":\"sk-SK\",\"potentialAction\":[{\"@type\":\"ReadAction\",\"target\":[\"https:\\\/\\\/flamen.cz\\\/sk\\\/dizajnove-krby\\\/\"]}]},{\"@type\":\"ImageObject\",\"inLanguage\":\"sk-SK\",\"@id\":\"https:\\\/\\\/flamen.cz\\\/sk\\\/dizajnove-krby\\\/#primaryimage\",\"url\":\"https:\\\/\\\/flamen.cz\\\/wp-content\\\/uploads\\\/2025\\\/12\\\/designovy-krb-v-modernim-interieru-rocal-drop-e1766154030106.webp\",\"contentUrl\":\"https:\\\/\\\/flamen.cz\\\/wp-content\\\/uploads\\\/2025\\\/12\\\/designovy-krb-v-modernim-interieru-rocal-drop-e1766154030106.webp\",\"width\":1200,\"height\":790,\"caption\":\"Designov\u00fd z\u00e1v\u011bsn\u00fd krb v modern\u00edm interi\u00e9ru ob\u00fdvac\u00edho pokoje\"},{\"@type\":\"BreadcrumbList\",\"@id\":\"https:\\\/\\\/flamen.cz\\\/sk\\\/dizajnove-krby\\\/#breadcrumb\",\"itemListElement\":[{\"@type\":\"ListItem\",\"position\":1,\"name\":\"Dom\u016f\",\"item\":\"https:\\\/\\\/flamen.cz\\\/sk\\\/\"},{\"@type\":\"ListItem\",\"position\":2,\"name\":\"Dizajnov\u00e9 krby\"}]},{\"@type\":\"WebSite\",\"@id\":\"https:\\\/\\\/flamen.cz\\\/#website\",\"url\":\"https:\\\/\\\/flamen.cz\\\/\",\"name\":\"Flamen Czech Republic, s.r.o.\",\"description\":\"FLAMEN dov\u00e1\u017e\u00ed a instaluje krby a kamna na d\u0159evo, pelety, plyn \u010di biol\u00edh, a stav\u00ed kom\u00edny.\",\"potentialAction\":[{\"@type\":\"SearchAction\",\"target\":{\"@type\":\"EntryPoint\",\"urlTemplate\":\"https:\\\/\\\/flamen.cz\\\/?s={search_term_string}\"},\"query-input\":{\"@type\":\"PropertyValueSpecification\",\"valueRequired\":true,\"valueName\":\"search_term_string\"}}],\"inLanguage\":\"sk-SK\"}]}<\/script>\n<!-- \/ Yoast SEO plugin. -->","yoast_head_json":{"title":"Dizajnov\u00e9 krby | Flamen Czech Republic, s.r.o.","robots":{"index":"index","follow":"follow","max-snippet":"max-snippet:-1","max-image-preview":"max-image-preview:large","max-video-preview":"max-video-preview:-1"},"canonical":"https:\/\/flamen.cz\/sk\/dizajnove-krby\/","og_locale":"sk_SK","og_type":"article","og_title":"Dizajnov\u00e9 krby | Flamen Czech Republic, s.r.o.","og_description":"Rocal je modern\u00e1 \u010dere\u0161ni\u010dka na torte vo va\u0161om interi\u00e9ri.","og_url":"https:\/\/flamen.cz\/sk\/dizajnove-krby\/","og_site_name":"Flamen Czech Republic, s.r.o.","article_publisher":"https:\/\/www.facebook.com\/krbyakamnarocal","article_modified_time":"2024-12-19T14:22:02+00:00","og_image":[{"width":330,"height":450,"url":"https:\/\/flamen.cz\/wp-content\/uploads\/2024\/02\/img_product-01.jpg","type":"image\/jpeg"}],"twitter_card":"summary_large_image","twitter_misc":{"Predpokladan\u00fd \u010das \u010d\u00edtania":"2 min\u00faty"},"schema":{"@context":"https:\/\/schema.org","@graph":[{"@type":"WebPage","@id":"https:\/\/flamen.cz\/sk\/dizajnove-krby\/","url":"https:\/\/flamen.cz\/sk\/dizajnove-krby\/","name":"Dizajnov\u00e9 krby | Flamen Czech Republic, s.r.o.","isPartOf":{"@id":"https:\/\/flamen.cz\/#website"},"primaryImageOfPage":{"@id":"https:\/\/flamen.cz\/sk\/dizajnove-krby\/#primaryimage"},"image":{"@id":"https:\/\/flamen.cz\/sk\/dizajnove-krby\/#primaryimage"},"thumbnailUrl":"https:\/\/flamen.cz\/wp-content\/uploads\/2025\/12\/designovy-krb-v-modernim-interieru-rocal-drop-e1766154030106.webp","datePublished":"2024-01-27T15:09:25+00:00","dateModified":"2024-12-19T14:22:02+00:00","breadcrumb":{"@id":"https:\/\/flamen.cz\/sk\/dizajnove-krby\/#breadcrumb"},"inLanguage":"sk-SK","potentialAction":[{"@type":"ReadAction","target":["https:\/\/flamen.cz\/sk\/dizajnove-krby\/"]}]},{"@type":"ImageObject","inLanguage":"sk-SK","@id":"https:\/\/flamen.cz\/sk\/dizajnove-krby\/#primaryimage","url":"https:\/\/flamen.cz\/wp-content\/uploads\/2025\/12\/designovy-krb-v-modernim-interieru-rocal-drop-e1766154030106.webp","contentUrl":"https:\/\/flamen.cz\/wp-content\/uploads\/2025\/12\/designovy-krb-v-modernim-interieru-rocal-drop-e1766154030106.webp","width":1200,"height":790,"caption":"Designov\u00fd z\u00e1v\u011bsn\u00fd krb v modern\u00edm interi\u00e9ru ob\u00fdvac\u00edho pokoje"},{"@type":"BreadcrumbList","@id":"https:\/\/flamen.cz\/sk\/dizajnove-krby\/#breadcrumb","itemListElement":[{"@type":"ListItem","position":1,"name":"Dom\u016f","item":"https:\/\/flamen.cz\/sk\/"},{"@type":"ListItem","position":2,"name":"Dizajnov\u00e9 krby"}]},{"@type":"WebSite","@id":"https:\/\/flamen.cz\/#website","url":"https:\/\/flamen.cz\/","name":"Flamen Czech Republic, s.r.o.","description":"FLAMEN dov\u00e1\u017e\u00ed a instaluje krby a kamna na d\u0159evo, pelety, plyn \u010di biol\u00edh, a stav\u00ed kom\u00edny.","potentialAction":[{"@type":"SearchAction","target":{"@type":"EntryPoint","urlTemplate":"https:\/\/flamen.cz\/?s={search_term_string}"},"query-input":{"@type":"PropertyValueSpecification","valueRequired":true,"valueName":"search_term_string"}}],"inLanguage":"sk-SK"}]}},"_links":{"self":[{"href":"https:\/\/flamen.cz\/sk\/wp-json\/wp\/v2\/pages\/6353","targetHints":{"allow":["GET"]}}],"collection":[{"href":"https:\/\/flamen.cz\/sk\/wp-json\/wp\/v2\/pages"}],"about":[{"href":"https:\/\/flamen.cz\/sk\/wp-json\/wp\/v2\/types\/page"}],"author":[{"embeddable":true,"href":"https:\/\/flamen.cz\/sk\/wp-json\/wp\/v2\/users\/1"}],"replies":[{"embeddable":true,"href":"https:\/\/flamen.cz\/sk\/wp-json\/wp\/v2\/comments?post=6353"}],"version-history":[{"count":3,"href":"https:\/\/flamen.cz\/sk\/wp-json\/wp\/v2\/pages\/6353\/revisions"}],"predecessor-version":[{"id":6357,"href":"https:\/\/flamen.cz\/sk\/wp-json\/wp\/v2\/pages\/6353\/revisions\/6357"}],"wp:featuredmedia":[{"embeddable":true,"href":"https:\/\/flamen.cz\/sk\/wp-json\/wp\/v2\/media\/13066"}],"wp:attachment":[{"href":"https:\/\/flamen.cz\/sk\/wp-json\/wp\/v2\/media?parent=6353"}],"curies":[{"name":"wp","href":"https:\/\/api.w.org\/{rel}","templated":true}]}}

Dizajnové krby

<p>Či už hľadáte vhodný krb do novostavby, nízkoenergetického domu alebo staršieho obydlia, pre efektívne dizajnové krby Rocal nemusíte chodiť ďaleko! Najobľúbenejšie kúsky máme <strong>skladom</strong>.</p>
<p>Sme hrdým výhradným dovozcom tejto značky v Českej republike aj na Slovensku, a tak od nás môžete očakávať tzv. full-service. Pomôžeme vám nielen s výberom, ale aj s predstavebnými záležitosťami, zameraním, dopravou a inštaláciou.</p>
<p>Som krb Rocal  <span class="red">/</span>  Som technologicky dokonalý<br />
Som bezpečný a výkonný  <span class="red">/</span>  Som elegantný a štýlový</p>
<p><strong>Rocal nasadzuje latku veľmi vysoko!</strong></p>
<p>Precízne spracovanie vás už na prvý pohľad ohúri rovnako ako jedinečný minimalistický dizajn, ktorý sa hodí kamkoľvek, a predsa je tak osobitý. Určite vás poteší aj fakt, že naše krby sú účinné, produkujú minimálne množstvo emisií a radia sa k tým veľmi ekologickým na prevádzku. Rocal má štyridsaťročnú tradíciu a na výrobu svojich produktov volí materiály najvyššej kvality. Očakávajte esteticky a technologicky dokonalé krby s ručne vykonaným finišom pre bezchybný vzhľad. Starostlivosť sa vypláca. A váš komfort je pre nás to najdôležitejšie!</p>
<p>Nechajte svoj výnimočný charakter prehovoriť prostredníctvom dizajnového krbu. Rocal to povie za vás!</p>

<h3>Rocal je moderná čerešnička na torte vo vašom interiéri.</h3>

<!-- This site is optimized with the Yoast SEO plugin v27.5 - https://yoast.com/product/yoast-seo-wordpress/ -->
<title>Dizajnové krby | Flamen Czech Republic, s.r.o.</title>
<meta name="robots" content="index, follow, max-snippet:-1, max-image-preview:large, max-video-preview:-1" />
<link rel="canonical" href="https://flamen.cz/sk/dizajnove-krby/" />
<meta property="og:locale" content="sk_SK" />
<meta property="og:type" content="article" />
<meta property="og:title" content="Dizajnové krby | Flamen Czech Republic, s.r.o." />
<meta property="og:description" content="Rocal je moderná čerešnička na torte vo vašom interiéri." />
<meta property="og:url" content="https://flamen.cz/sk/dizajnove-krby/" />
<meta property="og:site_name" content="Flamen Czech Republic, s.r.o." />
<meta property="article:publisher" content="https://www.facebook.com/krbyakamnarocal" />
<meta property="article:modified_time" content="2024-12-19T14:22:02+00:00" />
<meta property="og:image" content="https://flamen.cz/wp-content/uploads/2024/02/img_product-01.jpg" />
	<meta property="og:image:width" content="330" />
	<meta property="og:image:height" content="450" />
	<meta property="og:image:type" content="image/jpeg" />
<meta name="twitter:card" content="summary_large_image" />
<meta name="twitter:label1" content="Predpokladaný čas čítania" />
	<meta name="twitter:data1" content="2 minúty" />
<script type="application/ld+json" class="yoast-schema-graph">{"@context":"https:\/\/schema.org","@graph":[{"@type":"WebPage","@id":"https:\/\/flamen.cz\/sk\/dizajnove-krby\/","url":"https:\/\/flamen.cz\/sk\/dizajnove-krby\/","name":"Dizajnové krby | Flamen Czech Republic, s.r.o.","isPartOf":{"@id":"https:\/\/flamen.cz\/#website"},"primaryImageOfPage":{"@id":"https:\/\/flamen.cz\/sk\/dizajnove-krby\/#primaryimage"},"image":{"@id":"https:\/\/flamen.cz\/sk\/dizajnove-krby\/#primaryimage"},"thumbnailUrl":"https:\/\/flamen.cz\/wp-content\/uploads\/2025\/12\/designovy-krb-v-modernim-interieru-rocal-drop-e1766154030106.webp","datePublished":"2024-01-27T15:09:25+00:00","dateModified":"2024-12-19T14:22:02+00:00","breadcrumb":{"@id":"https:\/\/flamen.cz\/sk\/dizajnove-krby\/#breadcrumb"},"inLanguage":"sk-SK","potentialAction":[{"@type":"ReadAction","target":["https:\/\/flamen.cz\/sk\/dizajnove-krby\/"]}]},{"@type":"ImageObject","inLanguage":"sk-SK","@id":"https:\/\/flamen.cz\/sk\/dizajnove-krby\/#primaryimage","url":"https:\/\/flamen.cz\/wp-content\/uploads\/2025\/12\/designovy-krb-v-modernim-interieru-rocal-drop-e1766154030106.webp","contentUrl":"https:\/\/flamen.cz\/wp-content\/uploads\/2025\/12\/designovy-krb-v-modernim-interieru-rocal-drop-e1766154030106.webp","width":1200,"height":790,"caption":"Designový závěsný krb v moderním interiéru obývacího pokoje"},{"@type":"BreadcrumbList","@id":"https:\/\/flamen.cz\/sk\/dizajnove-krby\/#breadcrumb","itemListElement":[{"@type":"ListItem","position":1,"name":"Domů","item":"https:\/\/flamen.cz\/sk\/"},{"@type":"ListItem","position":2,"name":"Dizajnové krby"}]},{"@type":"WebSite","@id":"https:\/\/flamen.cz\/#website","url":"https:\/\/flamen.cz\/","name":"Flamen Czech Republic, s.r.o.","description":"FLAMEN dováží a instaluje krby a kamna na dřevo, pelety, plyn či biolíh, a staví komíny.","potentialAction":[{"@type":"SearchAction","target":{"@type":"EntryPoint","urlTemplate":"https:\/\/flamen.cz\/?s={search_term_string}"},"query-input":{"@type":"PropertyValueSpecification","valueRequired":true,"valueName":"search_term_string"}}],"inLanguage":"sk-SK"}]}</script>
<!-- / Yoast SEO plugin. -->

Dizajnové krby | Flamen Czech Republic, s.r.o.

Rocal je moderná čerešnička na torte vo vašom interiéri.

2 minúty

Designový závěsný krb v moderním interiéru obývacího pokoje

Domů

FLAMEN dováží a instaluje krby a kamna na dřevo, pelety, plyn či biolíh, a staví komíny.
